{"id":987,"date":"2012-03-06T22:50:12","date_gmt":"2012-03-06T21:50:12","guid":{"rendered":"http:\/\/cantasense.ch\/blog\/?page_id=987"},"modified":"2021-10-11T10:33:39","modified_gmt":"2021-10-11T08:33:39","slug":"ringe-2006","status":"publish","type":"page","link":"https:\/\/cantasense.ch\/blog\/musik\/ringe-2006\/","title":{"rendered":"2006 Liederzyklus &#8222;Ringe&#8220;"},"content":{"rendered":"<p>Aus dem Liedzyklus &#8222;Ringe&#8220;, 2006\u00a0(Texte von\u00a0Hubert Schaller, Musik von\u00a0Andr\u00e9 Ducret, am Akkordeon\u00a0Christel Sautaux)<\/p>\n<audio class=\"wp-audio-shortcode\" id=\"audio-987-1\" preload=\"none\" style=\"width: 100%;\" controls=\"controls\"><source type=\"audio\/mpeg\" src=\"https:\/\/cantasense.ch\/blog\/wp-content\/uploads\/2011\/01\/glueck.mp3?_=1\" \/><a href=\"https:\/\/cantasense.ch\/blog\/wp-content\/uploads\/2011\/01\/glueck.mp3\">https:\/\/cantasense.ch\/blog\/wp-content\/uploads\/2011\/01\/glueck.mp3<\/a><\/audio>\n<p>1. Gl\u00fcck<\/p>\n<audio class=\"wp-audio-shortcode\" id=\"audio-987-2\" preload=\"none\" style=\"width: 100%;\" controls=\"controls\"><source type=\"audio\/mpeg\" src=\"https:\/\/cantasense.ch\/blog\/wp-content\/uploads\/2011\/01\/staegehuuslaebesluuf.mp3?_=2\" \/><a href=\"https:\/\/cantasense.ch\/blog\/wp-content\/uploads\/2011\/01\/staegehuuslaebesluuf.mp3\">https:\/\/cantasense.ch\/blog\/wp-content\/uploads\/2011\/01\/staegehuuslaebesluuf.mp3<\/a><\/audio>\n<p>2. St\u00e4\u00e4gehuusl\u00e4\u00e4besl\u00f9\u00f9f<\/p>\n<audio class=\"wp-audio-shortcode\" id=\"audio-987-3\" preload=\"none\" style=\"width: 100%;\" controls=\"controls\"><source type=\"audio\/mpeg\" src=\"https:\/\/cantasense.ch\/blog\/wp-content\/uploads\/2011\/01\/ima_nuegeborene.mp3?_=3\" \/><a href=\"https:\/\/cantasense.ch\/blog\/wp-content\/uploads\/2011\/01\/ima_nuegeborene.mp3\">https:\/\/cantasense.ch\/blog\/wp-content\/uploads\/2011\/01\/ima_nuegeborene.mp3<\/a><\/audio>\n<p>3. Ima N\u00fc\u00fcgeborene<\/p>\n","protected":false},"excerpt":{"rendered":"<p>Aus dem Liedzyklus &#8222;Ringe&#8220;, 2006\u00a0(Texte von\u00a0Hubert Schaller, Musik von\u00a0Andr\u00e9 Ducret, am Akkordeon\u00a0Christel Sautaux) 1. Gl\u00fcck 2. St\u00e4\u00e4gehuusl\u00e4\u00e4besl\u00f9\u00f9f 3. Ima N\u00fc\u00fcgeborene<\/p>\n","protected":false},"author":2,"featured_media":0,"parent":145,"menu_order":20,"comment_status":"closed","ping_status":"closed","template":"","meta":{"footnotes":""},"class_list":["post-987","page","type-page","status-publish","hentry"],"_links":{"self":[{"href":"https:\/\/cantasense.ch\/blog\/wp-json\/wp\/v2\/pages\/987","targetHints":{"allow":["GET"]}}],"collection":[{"href":"https:\/\/cantasense.ch\/blog\/wp-json\/wp\/v2\/pages"}],"about":[{"href":"https:\/\/cantasense.ch\/blog\/wp-json\/wp\/v2\/types\/page"}],"author":[{"embeddable":true,"href":"https:\/\/cantasense.ch\/blog\/wp-json\/wp\/v2\/users\/2"}],"replies":[{"embeddable":true,"href":"https:\/\/cantasense.ch\/blog\/wp-json\/wp\/v2\/comments?post=987"}],"version-history":[{"count":14,"href":"https:\/\/cantasense.ch\/blog\/wp-json\/wp\/v2\/pages\/987\/revisions"}],"predecessor-version":[{"id":6950,"href":"https:\/\/cantasense.ch\/blog\/wp-json\/wp\/v2\/pages\/987\/revisions\/6950"}],"up":[{"embeddable":true,"href":"https:\/\/cantasense.ch\/blog\/wp-json\/wp\/v2\/pages\/145"}],"wp:attachment":[{"href":"https:\/\/cantasense.ch\/blog\/wp-json\/wp\/v2\/media?parent=987"}],"curies":[{"name":"wp","href":"https:\/\/api.w.org\/{rel}","templated":true}]}}

<p>Aus dem Liedzyklus &#8222;Ringe&#8220;, 2006 (Texte von Hubert Schaller, Musik von André Ducret, am Akkordeon Christel Sautaux)</p>
<audio class="wp-audio-shortcode" id="audio-987-1" preload="none" style="width: 100%;" controls="controls"><source type="audio/mpeg" src="https://cantasense.ch/blog/wp-content/uploads/2011/01/glueck.mp3?_=1" /><a href="https://cantasense.ch/blog/wp-content/uploads/2011/01/glueck.mp3">https://cantasense.ch/blog/wp-content/uploads/2011/01/glueck.mp3</a></audio>
<p>1. Glück</p>
<audio class="wp-audio-shortcode" id="audio-987-2" preload="none" style="width: 100%;" controls="controls"><source type="audio/mpeg" src="https://cantasense.ch/blog/wp-content/uploads/2011/01/staegehuuslaebesluuf.mp3?_=2" /><a href="https://cantasense.ch/blog/wp-content/uploads/2011/01/staegehuuslaebesluuf.mp3">https://cantasense.ch/blog/wp-content/uploads/2011/01/staegehuuslaebesluuf.mp3</a></audio>
<p>2. Stäägehuuslääbeslùùf</p>
<audio class="wp-audio-shortcode" id="audio-987-3" preload="none" style="width: 100%;" controls="controls"><source type="audio/mpeg" src="https://cantasense.ch/blog/wp-content/uploads/2011/01/ima_nuegeborene.mp3?_=3" /><a href="https://cantasense.ch/blog/wp-content/uploads/2011/01/ima_nuegeborene.mp3">https://cantasense.ch/blog/wp-content/uploads/2011/01/ima_nuegeborene.mp3</a></audio>
<p>3. Ima Nüügeborene</p>

<p>Aus dem Liedzyklus &#8222;Ringe&#8220;, 2006 (Texte von Hubert Schaller, Musik von André Ducret, am Akkordeon Christel Sautaux) 1. Glück 2. Stäägehuuslääbeslùùf 3. Ima Nüügeborene</p>
