{"id":224,"date":"2011-01-14T14:42:20","date_gmt":"2011-01-14T13:42:20","guid":{"rendered":"http:\/\/cantasense.ch\/blog\/?page_id=224"},"modified":"2026-01-07T10:23:12","modified_gmt":"2026-01-07T09:23:12","slug":"bass","status":"publish","type":"page","link":"https:\/\/cantasense.ch\/blog\/chor\/mitglieder\/bass\/","title":{"rendered":"Bass"},"content":{"rendered":"<p>Aerschmann Joseph, Alterswil<br \/>Lauper Hubert, St. Ursen<br \/>Levantino Ben Vincent, D\u00fcdingen<br \/>M\u00fcller Gallus, D\u00fcdingen<br \/>Nyffeler Daniel, Bourguillon<br \/>Riedo Daniel, Bourguillon<br \/>Ruckstuhl Markus, Freiburg<br \/>Sp\u00e4ni Pius, Gurmels<br \/>Wicky Jean-Daniel, Tafers (Vorstand)<\/p>\r\n\r\n<p>&nbsp;<\/p>\r\n","protected":false},"excerpt":{"rendered":"<p>Aerschmann Joseph, AlterswilLauper Hubert, St. UrsenLevantino Ben Vincent, D\u00fcdingenM\u00fcller Gallus, D\u00fcdingenNyffeler Daniel, BourguillonRiedo Daniel, BourguillonRuckstuhl Markus, FreiburgSp\u00e4ni Pius, GurmelsWicky Jean-Daniel, Tafers (Vorstand) &nbsp;<\/p>\n","protected":false},"author":1,"featured_media":0,"parent":215,"menu_order":3,"comment_status":"closed","ping_status":"closed","template":"","meta":{"footnotes":""},"class_list":["post-224","page","type-page","status-publish","hentry"],"_links":{"self":[{"href":"https:\/\/cantasense.ch\/blog\/wp-json\/wp\/v2\/pages\/224","targetHints":{"allow":["GET"]}}],"collection":[{"href":"https:\/\/cantasense.ch\/blog\/wp-json\/wp\/v2\/pages"}],"about":[{"href":"https:\/\/cantasense.ch\/blog\/wp-json\/wp\/v2\/types\/page"}],"author":[{"embeddable":true,"href":"https:\/\/cantasense.ch\/blog\/wp-json\/wp\/v2\/users\/1"}],"replies":[{"embeddable":true,"href":"https:\/\/cantasense.ch\/blog\/wp-json\/wp\/v2\/comments?post=224"}],"version-history":[{"count":26,"href":"https:\/\/cantasense.ch\/blog\/wp-json\/wp\/v2\/pages\/224\/revisions"}],"predecessor-version":[{"id":8585,"href":"https:\/\/cantasense.ch\/blog\/wp-json\/wp\/v2\/pages\/224\/revisions\/8585"}],"up":[{"embeddable":true,"href":"https:\/\/cantasense.ch\/blog\/wp-json\/wp\/v2\/pages\/215"}],"wp:attachment":[{"href":"https:\/\/cantasense.ch\/blog\/wp-json\/wp\/v2\/media?parent=224"}],"curies":[{"name":"wp","href":"https:\/\/api.w.org\/{rel}","templated":true}]}}

<p>Aerschmann Joseph, Alterswil<br />Lauper Hubert, St. Ursen<br />Levantino Ben Vincent, Düdingen<br />Müller Gallus, Düdingen<br />Nyffeler Daniel, Bourguillon<br />Riedo Daniel, Bourguillon<br />Ruckstuhl Markus, Freiburg<br />Späni Pius, Gurmels<br />Wicky Jean-Daniel, Tafers (Vorstand)</p>

<p>&nbsp;</p>

<p>Aerschmann Joseph, AlterswilLauper Hubert, St. UrsenLevantino Ben Vincent, DüdingenMüller Gallus, DüdingenNyffeler Daniel, BourguillonRiedo Daniel, BourguillonRuckstuhl Markus, FreiburgSpäni Pius, GurmelsWicky Jean-Daniel, Tafers (Vorstand) &nbsp;</p>
