{"id":18,"date":"2011-01-03T11:13:19","date_gmt":"2011-01-03T10:13:19","guid":{"rendered":"http:\/\/cantasense.ch\/blog\/?page_id=18"},"modified":"2026-03-30T09:21:23","modified_gmt":"2026-03-30T07:21:23","slug":"home","status":"publish","type":"page","link":"https:\/\/cantasense.ch\/blog\/","title":{"rendered":"Willkommen bei CantaSense"},"content":{"rendered":"\r\n<p style=\"text-align: center;\">\u00a0<\/p>\r\n<p><img  title=\"\" loading=\"lazy\" decoding=\"async\" class=\"aligncenter size-large wp-image-7806\" src=\"https:\/\/cantasense.ch\/blog\/wp-content\/uploads\/2024\/03\/Gruppenfotos-5-1024x636.jpg\"  alt=\"Gruppenfotos-5-1024x636 Willkommen bei CantaSense\"  width=\"696\" height=\"432\" srcset=\"https:\/\/cantasense.ch\/blog\/wp-content\/uploads\/2024\/03\/Gruppenfotos-5-1024x636.jpg 1024w, https:\/\/cantasense.ch\/blog\/wp-content\/uploads\/2024\/03\/Gruppenfotos-5-300x186.jpg 300w, https:\/\/cantasense.ch\/blog\/wp-content\/uploads\/2024\/03\/Gruppenfotos-5-768x477.jpg 768w, https:\/\/cantasense.ch\/blog\/wp-content\/uploads\/2024\/03\/Gruppenfotos-5-1536x954.jpg 1536w, https:\/\/cantasense.ch\/blog\/wp-content\/uploads\/2024\/03\/Gruppenfotos-5-2048x1272.jpg 2048w, https:\/\/cantasense.ch\/blog\/wp-content\/uploads\/2024\/03\/Gruppenfotos-5-250x155.jpg 250w, https:\/\/cantasense.ch\/blog\/wp-content\/uploads\/2024\/03\/Gruppenfotos-5-550x342.jpg 550w, https:\/\/cantasense.ch\/blog\/wp-content\/uploads\/2024\/03\/Gruppenfotos-5-800x497.jpg 800w, https:\/\/cantasense.ch\/blog\/wp-content\/uploads\/2024\/03\/Gruppenfotos-5-290x180.jpg 290w, https:\/\/cantasense.ch\/blog\/wp-content\/uploads\/2024\/03\/Gruppenfotos-5-483x300.jpg 483w, https:\/\/cantasense.ch\/blog\/wp-content\/uploads\/2024\/03\/Gruppenfotos-5-805x500.jpg 805w\" sizes=\"auto, (max-width: 696px) 100vw, 696px\" \/><\/p>\r\n<hr \/>\r\n<p style=\"text-align: center;\" tabindex=\"-1\" data-thread-perm-id=\"thread-f:1790617115291850281\" data-legacy-thread-id=\"18d98cc77db49629\">CantaSense auf <a href=\"https:\/\/www.instagram.com\/cantasense\/\" target=\"_blank\" rel=\"noopener\">Instagram<\/a> und <a href=\"https:\/\/www.facebook.com\/people\/CantaSense\/61552877323124\/?_rdr\" target=\"_blank\" rel=\"noopener\">Facebook<\/a><\/p>\r\n<hr \/>\r\n<p>Seit rund vierzig Jahren tr\u00e4gt CantaSense mit regelm\u00e4ssigen Konzerten seinen Teil zum kulturellen Leben im Kanton Freiburg bei. Unsere Website gew\u00e4hrt Ihnen Einblick in diese Geschichte, sei es mit Bildern, H\u00f6rbeispielen oder Aktuellem. Wir freuen uns, wenn Sie auf Entdeckungsreise gehen!<\/p>\r\n\r\n\r\n\r\n<p style=\"text-align: center;\"><span style=\"color: #000000;\"><strong><span style=\"color: #000000;\">Wir proben jeweils<\/span><\/strong><\/span><\/p>\r\n<p style=\"text-align: center;\">montags, 20 Uhr, Ch\u00e4nnelmattschulhaus, D\u00fcdingen<\/p>\r\n\r\n\r\n\r\n<p>&nbsp;<\/p>\r\n","protected":false},"excerpt":{"rendered":"<p>\u00a0 CantaSense auf Instagram und Facebook Seit rund vierzig Jahren tr\u00e4gt CantaSense mit regelm\u00e4ssigen Konzerten seinen Teil zum kulturellen Leben im Kanton Freiburg bei. Unsere Website gew\u00e4hrt Ihnen Einblick in diese Geschichte, sei es mit Bildern, H\u00f6rbeispielen oder Aktuellem. Wir freuen uns, wenn Sie auf Entdeckungsreise gehen! Wir proben jeweils montags, 20 Uhr, Ch\u00e4nnelmattschulhaus, D\u00fcdingen<\/p>\n","protected":false},"author":1,"featured_media":0,"parent":0,"menu_order":0,"comment_status":"closed","ping_status":"closed","template":"","meta":{"footnotes":""},"class_list":["post-18","page","type-page","status-publish","hentry"],"_links":{"self":[{"href":"https:\/\/cantasense.ch\/blog\/wp-json\/wp\/v2\/pages\/18","targetHints":{"allow":["GET"]}}],"collection":[{"href":"https:\/\/cantasense.ch\/blog\/wp-json\/wp\/v2\/pages"}],"about":[{"href":"https:\/\/cantasense.ch\/blog\/wp-json\/wp\/v2\/types\/page"}],"author":[{"embeddable":true,"href":"https:\/\/cantasense.ch\/blog\/wp-json\/wp\/v2\/users\/1"}],"replies":[{"embeddable":true,"href":"https:\/\/cantasense.ch\/blog\/wp-json\/wp\/v2\/comments?post=18"}],"version-history":[{"count":265,"href":"https:\/\/cantasense.ch\/blog\/wp-json\/wp\/v2\/pages\/18\/revisions"}],"predecessor-version":[{"id":8620,"href":"https:\/\/cantasense.ch\/blog\/wp-json\/wp\/v2\/pages\/18\/revisions\/8620"}],"wp:attachment":[{"href":"https:\/\/cantasense.ch\/blog\/wp-json\/wp\/v2\/media?parent=18"}],"curies":[{"name":"wp","href":"https:\/\/api.w.org\/{rel}","templated":true}]}}

<p style="text-align: center;"> </p>
<p><img  title="" loading="lazy" decoding="async" class="aligncenter size-large wp-image-7806" src="https://cantasense.ch/blog/wp-content/uploads/2024/03/Gruppenfotos-5-1024x636.jpg"  alt="Gruppenfotos-5-1024x636 Willkommen bei CantaSense"  width="696" height="432" srcset="https://cantasense.ch/blog/wp-content/uploads/2024/03/Gruppenfotos-5-1024x636.jpg 1024w, https://cantasense.ch/blog/wp-content/uploads/2024/03/Gruppenfotos-5-300x186.jpg 300w, https://cantasense.ch/blog/wp-content/uploads/2024/03/Gruppenfotos-5-768x477.jpg 768w, https://cantasense.ch/blog/wp-content/uploads/2024/03/Gruppenfotos-5-1536x954.jpg 1536w, https://cantasense.ch/blog/wp-content/uploads/2024/03/Gruppenfotos-5-2048x1272.jpg 2048w, https://cantasense.ch/blog/wp-content/uploads/2024/03/Gruppenfotos-5-250x155.jpg 250w, https://cantasense.ch/blog/wp-content/uploads/2024/03/Gruppenfotos-5-550x342.jpg 550w, https://cantasense.ch/blog/wp-content/uploads/2024/03/Gruppenfotos-5-800x497.jpg 800w, https://cantasense.ch/blog/wp-content/uploads/2024/03/Gruppenfotos-5-290x180.jpg 290w, https://cantasense.ch/blog/wp-content/uploads/2024/03/Gruppenfotos-5-483x300.jpg 483w, https://cantasense.ch/blog/wp-content/uploads/2024/03/Gruppenfotos-5-805x500.jpg 805w" sizes="auto, (max-width: 696px) 100vw, 696px" /></p>
<hr />
<p style="text-align: center;" tabindex="-1" data-thread-perm-id="thread-f:1790617115291850281" data-legacy-thread-id="18d98cc77db49629">CantaSense auf <a href="https://www.instagram.com/cantasense/" target="_blank" rel="noopener">Instagram</a> und <a href="https://www.facebook.com/people/CantaSense/61552877323124/?_rdr" target="_blank" rel="noopener">Facebook</a></p>
<hr />
<p>Seit rund vierzig Jahren trägt CantaSense mit regelmässigen Konzerten seinen Teil zum kulturellen Leben im Kanton Freiburg bei. Unsere Website gewährt Ihnen Einblick in diese Geschichte, sei es mit Bildern, Hörbeispielen oder Aktuellem. Wir freuen uns, wenn Sie auf Entdeckungsreise gehen!</p>



<p style="text-align: center;"><span style="color: #000000;"><strong><span style="color: #000000;">Wir proben jeweils</span></strong></span></p>
<p style="text-align: center;">montags, 20 Uhr, Chännelmattschulhaus, Düdingen</p>



<p>&nbsp;</p>

<p>  CantaSense auf Instagram und Facebook Seit rund vierzig Jahren trägt CantaSense mit regelmässigen Konzerten seinen Teil zum kulturellen Leben im Kanton Freiburg bei. Unsere Website gewährt Ihnen Einblick in diese Geschichte, sei es mit Bildern, Hörbeispielen oder Aktuellem. Wir freuen uns, wenn Sie auf Entdeckungsreise gehen! Wir proben jeweils montags, 20 Uhr, Chännelmattschulhaus, Düdingen</p>
