{"id":145,"date":"2011-01-14T11:18:38","date_gmt":"2011-01-14T10:18:38","guid":{"rendered":"http:\/\/cantasense.ch\/blog\/?page_id=145"},"modified":"2022-10-24T17:58:43","modified_gmt":"2022-10-24T15:58:43","slug":"musik","status":"publish","type":"page","link":"https:\/\/cantasense.ch\/blog\/musik\/","title":{"rendered":"H\u00f6rbeispiele"},"content":{"rendered":"<p>Geniessen Sie die Musikbeispiele aus den vergangenen Jahren. Wir freuen uns darauf, Sie beim n\u00e4chsten Livekonzert begr\u00fcssen zu d\u00fcrfen.<\/p>\n<ul>\n<li>&#8222;Die letzten Dinge&#8220; von Louis Spohr, <a href=\"https:\/\/cantasense.ch\/blog\/?page_id=3068\">2014<\/a><\/li>\n<li>Norddeutsche &#8222;Barock-Kantaten&#8220;, <a href=\"https:\/\/cantasense.ch\/blog\/?page_id=3087\">2013<\/a><\/li>\n<li>CD &#8222;Messe solennelle op. 11&#8220; von F\u00e9lix Alexandre Guilmant &amp; &#8222;Motetten&#8220; von Gabriel Faur\u00e9, <a title=\"Konzert-CD Guilmant\/Faur\u00e9\" href=\"https:\/\/cantasense.ch\/blog\/?page_id=1118\">2012<\/a><\/li>\n<li>Konzert &#8222;Alexander&#8217;s Feast&#8220; von Georg F. H\u00e4ndel, <a href=\"https:\/\/cantasense.ch\/blog\/?page_id=1002\" target=\"_self\" rel=\"noopener\">2011<\/a><\/li>\n<li>Konzert in der katholischen Kirche B\u00f6singen, <a href=\"https:\/\/cantasense.ch\/blog\/?page_id=1009\" target=\"_self\" rel=\"noopener\">2009<\/a><\/li>\n<li>Konzert &#8222;Stabat Mater&#8220; von Antonin Dvorak, <a href=\"https:\/\/cantasense.ch\/blog\/?page_id=1004\" target=\"_self\" rel=\"noopener\">2008<\/a><\/li>\n<li>Weihnachtskonzert, <a href=\"https:\/\/cantasense.ch\/blog\/?page_id=997\" target=\"_self\" rel=\"noopener\">2007<\/a><\/li>\n<li>Liedzyklus &#8222;Ringe&#8220;,\u00a0<a href=\"https:\/\/cantasense.ch\/blog\/?page_id=987\" target=\"_self\" rel=\"noopener\">2006<\/a><\/li>\n<\/ul>\n","protected":false},"excerpt":{"rendered":"<p>Geniessen Sie die Musikbeispiele aus den vergangenen Jahren. Wir freuen uns darauf, Sie beim n\u00e4chsten Livekonzert begr\u00fcssen zu d\u00fcrfen. &#8222;Die letzten Dinge&#8220; von Louis Spohr, 2014 Norddeutsche &#8222;Barock-Kantaten&#8220;, 2013 CD &#8222;Messe solennelle op. 11&#8220; von F\u00e9lix Alexandre Guilmant &amp; &#8222;Motetten&#8220; von Gabriel Faur\u00e9, 2012 Konzert &#8222;Alexander&#8217;s Feast&#8220; von Georg F. H\u00e4ndel, 2011 Konzert in der [&hellip;]<\/p>\n","protected":false},"author":1,"featured_media":0,"parent":0,"menu_order":5,"comment_status":"closed","ping_status":"closed","template":"","meta":{"footnotes":""},"class_list":["post-145","page","type-page","status-publish","hentry"],"_links":{"self":[{"href":"https:\/\/cantasense.ch\/blog\/wp-json\/wp\/v2\/pages\/145","targetHints":{"allow":["GET"]}}],"collection":[{"href":"https:\/\/cantasense.ch\/blog\/wp-json\/wp\/v2\/pages"}],"about":[{"href":"https:\/\/cantasense.ch\/blog\/wp-json\/wp\/v2\/types\/page"}],"author":[{"embeddable":true,"href":"https:\/\/cantasense.ch\/blog\/wp-json\/wp\/v2\/users\/1"}],"replies":[{"embeddable":true,"href":"https:\/\/cantasense.ch\/blog\/wp-json\/wp\/v2\/comments?post=145"}],"version-history":[{"count":50,"href":"https:\/\/cantasense.ch\/blog\/wp-json\/wp\/v2\/pages\/145\/revisions"}],"predecessor-version":[{"id":7484,"href":"https:\/\/cantasense.ch\/blog\/wp-json\/wp\/v2\/pages\/145\/revisions\/7484"}],"wp:attachment":[{"href":"https:\/\/cantasense.ch\/blog\/wp-json\/wp\/v2\/media?parent=145"}],"curies":[{"name":"wp","href":"https:\/\/api.w.org\/{rel}","templated":true}]}}

Hörbeispiele

<p>Geniessen Sie die Musikbeispiele aus den vergangenen Jahren. Wir freuen uns darauf, Sie beim nächsten Livekonzert begrüssen zu dürfen.</p>
<ul>
<li>&#8222;Die letzten Dinge&#8220; von Louis Spohr, <a href="https://cantasense.ch/blog/?page_id=3068">2014</a></li>
<li>Norddeutsche &#8222;Barock-Kantaten&#8220;, <a href="https://cantasense.ch/blog/?page_id=3087">2013</a></li>
<li>CD &#8222;Messe solennelle op. 11&#8220; von Félix Alexandre Guilmant &amp; &#8222;Motetten&#8220; von Gabriel Fauré, <a title="Konzert-CD Guilmant/Fauré" href="https://cantasense.ch/blog/?page_id=1118">2012</a></li>
<li>Konzert &#8222;Alexander&#8217;s Feast&#8220; von Georg F. Händel, <a href="https://cantasense.ch/blog/?page_id=1002" target="_self" rel="noopener">2011</a></li>
<li>Konzert in der katholischen Kirche Bösingen, <a href="https://cantasense.ch/blog/?page_id=1009" target="_self" rel="noopener">2009</a></li>
<li>Konzert &#8222;Stabat Mater&#8220; von Antonin Dvorak, <a href="https://cantasense.ch/blog/?page_id=1004" target="_self" rel="noopener">2008</a></li>
<li>Weihnachtskonzert, <a href="https://cantasense.ch/blog/?page_id=997" target="_self" rel="noopener">2007</a></li>
<li>Liedzyklus &#8222;Ringe&#8220;, <a href="https://cantasense.ch/blog/?page_id=987" target="_self" rel="noopener">2006</a></li>
</ul>

<p>Geniessen Sie die Musikbeispiele aus den vergangenen Jahren. Wir freuen uns darauf, Sie beim nächsten Livekonzert begrüssen zu dürfen. &#8222;Die letzten Dinge&#8220; von Louis Spohr, 2014 Norddeutsche &#8222;Barock-Kantaten&#8220;, 2013 CD &#8222;Messe solennelle op. 11&#8220; von Félix Alexandre Guilmant &amp; &#8222;Motetten&#8220; von Gabriel Fauré, 2012 Konzert &#8222;Alexander&#8217;s Feast&#8220; von Georg F. Händel, 2011 Konzert in der [&hellip;]</p>
